, 31
Suppose -2*f - 36 = -148. Let k = f - 38. What are the prime factors of k?
2, 3
Let s(y) be the first derivative of -y**3/3 + 4*y**2 + 4*y + 118. Suppose -1 = -4*x + 15. What are the prime factors of s(x)?
2, 5
Suppose 0*h + h - 311 = -4*o, -2*h + 227 = 3*o. Suppose w - o = -2. What are the prime factors of w?
7, 11
Let a(q) = -7*q + 15. Let o be a(-16). Let v = o + -100. What are the prime factors of v?
3
Let r(q) = 5*q**2 - 1 + q + 3*q**3 - 4*q**2 + 27*q**3. Suppose -c - 4*f + 3*f = 1, -4*f = 5*c + 3. What are the prime factors of r(c)?
31
List the prime factors of ((-693)/(-108) + (-1)/(-12))*226.
13, 113
Suppose 0 = r + 3*l - 63, -5*l = -3*r - 2*l + 225. What are the prime factors of r?
2, 3
Let q(c) = 7*c**3 - 42*c**2 + 47*c - 12. Let x(n) = -4*n**3 + 21*n**2 - 24*n + 6. Let i(r) = -6*q(r) - 11*x(r). What are the prime factors of i(-11)?
83
Suppose 25 = -5*s + a, -2*s - 2*a - 4 = 6. What are the prime factors of 2367/45 + 3/s?
2, 13
Let h(w) = 16*w**3 + w**2 + 7*w**3 - 2*w**2 + 6*w**3. Let u be (1/2)/((-1)/(-2)). List the prime factors of h(u).
2, 7
Suppose -3*i + 882 = -2*g, i + 3*g = 5 + 289. Suppose -3*q = 3*q - i. What are the prime factors of q?
7
Let g = 800 - -3642. What are the prime factors of g?
2, 2221
Let r(m) = m - m - 1 + 14*m**2. Let j(x) = -2*x + 19. Let f be j(10). List the prime factors of r(f).
13
Let j(c) = -23*c**2 - 1 + c + 9 + 20*c**2. Let k be j(-4). What are the prime factors of ((-6)/(-1))/((-8)/k)?
3, 11
Suppose -8*q - 6 = -6*q. List the prime factors of 4*56*q*(-1)/6.
2, 7
Let i(g) be the second derivative of -g**3/2 + 2*g**2 - g. Let n be i(-11). What are the prime factors of (n/(-4))/((-2)/8)?
37
Suppose 5*r = -0 + 30. Suppose 0 = -2*l + r*l - 148. What are the prime factors of l?
37
Let r = -40 + 1025. List the prime factors of r.
5, 197
Let u(v) = v - 1. Let y(w) = -74*w + 2. Let k(c) = 2*u(c) - y(c). List the prime factors of k(1).
2, 3
Suppose -5*o = -9 + 34. Suppose -2*a - 4*z = -3*a - 69, 0 = -a - 5*z - 42. Let j = o - a. What are the prime factors of j?
2, 13
Let v(d) be the second derivative of d**6/120 + d**4/24 + 3*d**3/2 + 2*d**2 - 4*d. Let i(q) be the first derivative of v(q). What are the prime factors of i(0)?
3
Let l be ((-2)/(-6))/((-2)/(-330)). Suppose -194 - l = -3*w. List the prime factors of w.
83
Suppose -r + 3*r = -6. Let x be r + 2 + 0 + -2. List the prime factors of (x/4)/((-3)/108).
3
Let h(m) = m**3 + 3*m**2 + 18*m + 2. List the prime factors of h(7).
2, 3, 103
Let z = -1539 + 2157. List the prime factors of z.
2, 3, 103
Suppose 2628 = 5*d + 4*d. What are the prime factors of d?
2, 73
Suppose 70*o = 62*o + 176. What are the prime factors of o?
2, 11
Let b(o) = 2*o**2 - 31*o + 3368. List the prime factors of b(0).
2, 421
Suppose 4*z + 5*y + 33 - 276 = 0, 5*z = 2*y + 279. Let o = z - 7. List the prime factors of o.
2, 5
Suppose 14*m - 24*m + 14240 = 0. What are the prime factors of m?
2, 89
Let m(t) = -t - 2. Let s be m(-5). Suppose s*w - 285 = -4*c, -c = w - 2*c - 95. What are the prime factors of w?
5, 19
Suppose 0 = 2*x + 10, o - 3*o + 738 = -2*x. List the prime factors of o.
2, 7, 13
Suppose -3*a - 4*j = -861, -2*a + 5*j + 654 = 57. What are the prime factors of a?
3, 97
Suppose -2*r = -3*n - 4300, r + r + 3*n = 4324. List the prime factors of r.
2, 7, 11
Let y = -97 + 102. Suppose -h - 104 = -2*u, 0 = y*u + 5*h + 18 - 278. List the prime factors of u.
2, 13
Let y(k) = -k**3 - 12*k**2 - 2*k - 25. Let h be y(-12). List the prime factors of (-66)/(-55)*(h + 1 - -90).
2, 3
Suppose -6*k - 5 = o - 9*k, -3*k + 13 = -5*o. Let x be (-12)/(-2)*(-9)/6. List the prime factors of 1437/27 - o/x.
53
Let h = -23 + 27. List the prime factors of 0/5 + h + 86.
2, 3, 5
Suppose 4 = -s + 19. Let w = s - 12. Suppose 2*u - w*u + 13 = 0. List the prime factors of u.
13
Let w = -33 - -55. List the prime factors of 20/(-110) - (-1126)/w.
3, 17
Let t(u) be the third derivative of 17*u**4/24 - 13*u**3/6 - 9*u**2. What are the prime factors of t(4)?
5, 11
Suppose -4*y + 824 = 3*u, y - 3*u - 207 = -4*u. Let j = y + -145. List the prime factors of j.
2, 29
Let u(n) = -n**3 + 5*n**2 + 4*n - 4. Let q(v) = -23*v + 32. Let k(l) = -8*l + 11. Let y(r) = 17*k(r) - 6*q(r). Let m be y(5). List the prime factors of u(m).
2
Suppose -3*q + 155 = r, 3*r + 0*q - 479 = -2*q. List the prime factors of r.
7, 23
What are the prime factors of 21*21/7*(-134)/(-6)?
3, 7, 67
Let a(k) = k + 5. Let w(n) = -n - 2. Let i(s) = 3*a(s) + 7*w(s). List the prime factors of i(-4).
17
List the prime factors of 396 - 4*(-14)/8.
13, 31
Suppose 0 = -8*f + 6*f + 32. Let a = -14 + f. Suppose -n = a*n - 18. What are the prime factors of n?
2, 3
What are the prime factors of ((-228)/(-10))/(24/720)?
2, 3, 19
Suppose 5*r - 1559 = -489. Let q = -137 + r. List the prime factors of q.
7, 11
Suppose -4*j - 3856 = -2*p, -10*j = -5*p - 6*j + 9670. List the prime factors of p.
2, 3, 17, 19
Suppose -5*s + 783 = -2897. What are the prime factors of s?
2, 23
Let p be 7/(196/(-8)) - (-1796)/14. Suppose 6*l - p = 208. List the prime factors of l.
2, 7
Let h = 626 + -194. What are the prime factors of h?
2, 3
Let h = 95 + -86. What are the prime factors of ((-1)/((-6)/h))/(24/5120)?
2, 5
Let c = -1 + 6. Suppose c*i + 105 = 460. What are the prime factors of i?
71
Suppose 21*i - i - 1260 = 0. What are the prime factors of i?
3, 7
Suppose -2*f = -4*a + 16, -a - 29 = -2*f - 6*a. Suppose -3*h = -4*c - 29, -f*c - 2*c - 23 = -h. Let g = 6 + h. What are the prime factors of g?
3
Let o be (-52)/65 - 2251/5. Let r = 741 + o. List the prime factors of r.
2, 5, 29
Let f(w) = -4*w**2 + 252*w + 208. List the prime factors of f(60).
2, 29
Let m(s) = s**2 - 2*s + 51. List the prime factors of m(13).
2, 97
Let j(r) = -3*r - 20 - r + 2*r + 6*r. List the prime factors of j(11).
2, 3
Suppose -3*y - y = -4*n - 1032, -4*n + 2*y - 1030 = 0. Let r = n + 399. What are the prime factors of r?
2, 71
Let x = -10 + 15. Suppose -z + n - x = -81, -3*z - n + 232 = 0. List the prime factors of z.
7, 11
Let a(b) = -4*b**3 + b**2 - 13*b - 33. What are the prime factors of a(-8)?
37, 59
Let l = 2 + -197. Let z = l + 331. List the prime factors of z.
2, 17
Suppose -4*c = -3*l + 252, -c - 3*l - 40 - 8 = 0. What are the prime factors of -14 + 12 - c/2?
2, 7
Suppose -2590 = -5*o + 5*m, o + m - 1562 = -2*o. List the prime factors of o.
2, 5, 13
Let o(m) = m**2 - 4*m + 1. Let s(g) = 4*g + 1. Let j be s(1). Let h be o(j). What are the prime factors of 2 + (h - -2)/2?
2, 3
Suppose 2*i - 8 = -4*o + o, 27 = 2*o - 3*i. Suppose n - o*n + 10 = 0. Let v(j) = 8*j**2 - 2*j - 1. What are the prime factors of v(n)?
3
Suppose -11 = -3*g - 5*b, 3*g - 3*b - b + 25 = 0. Let y(n) = -4*n**3 + 2*n**2 - 3*n - 6. Let m be y(g). Suppose -5*j + 76 = -m. List the prime factors of j.
41
Let i = -20 - -16. List the prime factors of 8/3*(-54)/i.
2, 3
Let v(z) = z**3 + 8*z**2 + 8*z + 29. Let t be v(-7). Let p(o) = 9*o + 1. Let g be p(-2). Let j = g + t. List the prime factors of j.
5
What are the prime factors of ((-24)/(-5))/((204/1720)/17)?
2, 43
Suppose -2*j + z - 5*z - 506 = 0, 4*j + 1056 = 3*z. Suppose 2*r + 0*u = u - 12, 0 = r - 3*u + 16. List the prime factors of j/r + (-8)/32.
5, 13
Suppose 0 = -u - 14 + 13. Let b(r) = -11*r + 4. What are the prime factors of b(u)?
3, 5
Let i = 412 + -229. List the prime factors of i.
3, 61
Suppose -17*c = -14302 - 5894. What are the prime factors of c?
2, 3, 11
Let n(h) = 40*h**2 - 5*h - 54. What are the prime factors of n(-6)?
2, 3, 59
What are the prime factors of 3/((-9)/8)*(-92460)/368?
2, 5, 67
Let k = -1240 - -1784. What are the prime factors of k?
2, 17
Suppose -5*q = -3*g + 1945, -g - 2*q = -0*g - 663. Suppose c + y - 169 = 4*y, -5*y - g = -4*c. What are the prime factors of c?
2, 5
Let t be (-3)/12 - 25963/(-28). Suppose 1393 = 8*z - t. What are the prime factors of z?
2, 5, 29
Let x = -56 + 85. Suppose -3*s + 1 = -8. Suppose s*b + 37 = v, v - x = -v - 3*b. List the prime factors of v.
2, 11
Let n be 4/3 - 3/9. Let j be n + 5/(10/4). Let r = 14 - j. What are the prime factors of r?
11
Let d(u) = 12*u**2 + 8*u - 7*u + 18*u**2 + 18*u**2. What are the prime factors of d(-1)?
47
Let f be (-6 + -23)*(2 + -25). Suppose 6*g - f = 761. What are the prime factors of g?
2, 7, 17
Le